 Let b = -5 - y. Suppose b = q - 3. What are the prime factors of q?
3
List the prime factors of (-2944)/(-48) + 2/3.
2, 31
Suppose 8 = l - 4. What are the prime factors of l?
2, 3
Suppose -3*l = -7 - 8. Suppose p - 2*q - l = 0, p - 3*q = 6*p - 51. What are the prime factors of p?
3
Let w(s) = -s**2 + s**3 + 18 - 9*s - 6 - 10*s**2 + 20*s. List the prime factors of w(10).
2, 11
Let f = 67 + -48. List the prime factors of f.
19
Let u(k) = -k**3 - 10*k**2 - 10*k + 19. List the prime factors of u(-10).
7, 17
Let h = 9 + 1. Let j = -4 + h. List the prime factors of j.
2, 3
Let h be (-4)/(-14) - (-500)/14. Suppose -20 = -3*p + 4*o, 4*o = -p + 6*p - h. What are the prime factors of p?
2
Suppose 4*v = s + 2*s + 969, 0 = -2*v - 4*s + 468. List the prime factors of v.
2, 3, 5
Let d = -3 + 3. Suppose 4*z - 109 = -5*f, d*z - 80 = -3*z - 2*f. What are the prime factors of z?
2, 13
Let k = 8 - -10. Let y be 2/8 + (-59)/(-4). Suppose 3*o - k = y. List the prime factors of o.
11
Let z = -30 + 64. What are the prime factors of z?
2, 17
Let z = -24 + 146. What are the prime factors of z?
2, 61
List the prime factors of ((-2360)/14)/(-5)*(-14)/(-4).
2, 59
Let l = -30 - -98. List the prime factors of l.
2, 17
Let v be 0*(2 - 3)/1. Let g = 2 + 1. Suppose v = -4*c + g*z + 32, -4*c + 5*z + 0*z + 32 = 0. What are the prime factors of c?
2
Let f(h) = -h**2 - 6*h - 2. Let d be f(-5). Let n = 6 + d. List the prime factors of n.
3
Suppose -3*x = 2*f - 24, -3*f + 5*f - 44 = -5*x. Suppose -6*o + 40 = -x*o. Let r = -2 - o. What are the prime factors of r?
2
Let h(t) = t**2 + 2*t - 1. Let z be h(1). Suppose z*n - n - 5 = 0. List the prime factors of n.
5
Suppose 2*c + 160 = 3*i, -i - 27 + 78 = -3*c. What are the prime factors of i?
2, 3
List the prime factors of (-12)/(-20) - 36/(-15).
3
Let o(s) be the third derivative of s**8/1120 + s**7/2520 + s**4/24 + s**2. Let d(k) be the second derivative of o(k). What are the prime factors of d(1)?
7
Suppose 0*n + 11*n - 1155 = 0. What are the prime factors of n?
3, 5, 7
Suppose 3*z + z - 8 = 0. Let t = 5 - z. Suppose t*m - 2 - 4 = 0. What are the prime factors of m?
2
Let p(l) = l**3 - 5*l**2 + 4*l + 5. Let j be (0 - 0 - -2)*2. Let u be p(j). Suppose i = -i + k + 8, -u*i = -4*k - 26. What are the prime factors of i?
2
Let s be (-6)/18 + 2/6. Suppose 0 = -4*o - s*o + 8. List the prime factors of o.
2
Let s = 10 - 5. Suppose 0 = -s*y + y + 16. Suppose -y*d = -d - 12. List the prime factors of d.
2
Suppose -o + 4*o = 129. What are the prime factors of o?
43
Let l(y) = -6*y + 20. Let u be l(7). Let o = 33 + u. What are the prime factors of o?
11
Suppose -3 = -a - 8. Let z = a + 10. List the prime factors of 47/z + 9/15.
2, 5
Let a(t) = -t**2 - 9*t + 8. List the prime factors of a(-9).
2
Suppose 5*x + 2*t + 168 = 0, 0*x + 3*t = 3*x + 105. Let a = -21 - x. List the prime factors of a.
13
Let r be -30 - (-1 - -1 - 3). List the prime factors of r/(-4)*(6 - 2).
3
Suppose 0 = z - 2. Suppose -z*x = 2*x + 8, -3*x - 22 = -4*r. What are the prime factors of (10/5)/(r/10)?
5
Suppose 2*u + 5*k - 33 = 0, 2*u + 3*u + 4*k - 40 = 0. Suppose 8 = -0*i + u*i. List the prime factors of i.
2
Suppose -5*k + 4*m + 4 = 0, 5*m + 5 = -2*k + 6*k. Suppose k = -5*p + 16 - 1. List the prime factors of p.
3
Let d(l) = -l**3 - 7*l**2 - 8*l - 8. Suppose p - 6 = 2*p. Let s be d(p). What are the prime factors of ((-8)/(-6))/(s/18)?
2, 3
Let l = 3 + -2. Suppose g + 2 = l. List the prime factors of g/(-3) + (-15)/(-9).
2
Let o = -1 - 2. Let n be -6 - (2 - 3 - -1). List the prime factors of (n/5)/(o/20).
2
Let g(z) = -z**3 - 4*z**2 - 9*z - 5. Let i(p) = p**3 + 3*p**2 + 10*p + 6. Let b(t) = 6*g(t) + 5*i(t). List the prime factors of b(-9).
2, 3
Suppose -5*z = -3*j - 232, -z + 46 + 4 = 3*j. List the prime factors of z.
47
Let o = -5 + 19. What are the prime factors of o?
2, 7
Suppose 3*t = -3*d + 1158, 0 = -11*d + 10*d + 5*t + 356. What are the prime factors of d?
3, 127
Suppose -2*w + 3 = -w. What are the prime factors of w*(3 - (0 - -2))?
3
Suppose -2*g - 9 = -3. List the prime factors of (2 + 8/g)*-57.
2, 19
Suppose v = -v - j + 3, 5*v + 2*j - 6 = 0. Suppose -5*t + 4 + 26 = v. What are the prime factors of t?
2, 3
Let t = 2 + -8. Let k = t + 8. List the prime factors of k.
2
Suppose 4*p - 1 + 29 = 0. Let i(t) = -t**3 - 8*t**2 - 11*t - 10. List the prime factors of i(p).
2, 3
Suppose -4 + 1 = v. Let k(c) = -c**2 - 2*c + 3. Let q be k(v). Suppose q = 4*j - 5*j + 4. List the prime factors of j.
2
Let p = -21 + 48. Let j be (-24)/14 + (-4)/14. List the prime factors of j/5 + p/5.
5
Let i(y) = -y + 5. Let h(x) = -x**2 + 7*x - 4. Let q be h(6). Suppose -2*l - q*l = 0. What are the prime factors of i(l)?
5
Suppose -268 = -4*f + 4*d, 2*d = 3*d. What are the prime factors of f?
67
Let x(y) = y - 1. Let w(t) = 4*t - 2. Let u(z) = -w(z) + x(z). Let k = 2 + -3. What are the prime factors of u(k)?
2
Suppose 0 = 3*f + 4*f - 273. What are the prime factors of f?
3, 13
Let u = 2 + 5. List the prime factors of u.
7
Suppose 0 = 4*u - 1 + 5. List the prime factors of u/((-3)/(-93)*-1).
31
What are the prime factors of (-18)/63 - 1549/(-7) - -2?
223
What are the prime factors of 6*711/30 - (-8)/10?
11, 13
Let q(n) = n**3 - 13*n**2 + n + 4. What are the prime factors of q(13)?
17
Suppose -5*c + 24 = 4. Suppose -5*q - 82 = 2*n - 4*n, 0 = -n - c. Let d = -5 - q. List the prime factors of d.
13
Let x = -7 - -11. Let q be (-1)/4 + 69/x. Let b = 25 - q. List the prime factors of b.
2
Suppose -34 = -4*a + q, 3*a - 11 = -2*q + 9. List the prime factors of a.
2
Let g(u) = -40*u + 8. Let i(s) = 13*s - 3. Let q(y) = -4*g(y) - 11*i(y). Let a be q(1). List the prime factors of a + -3 + 1 + 0.
2
Let q = 10 - 6. Suppose q*k - 41 = 3*z, 4*k + 2 = -z + 31. What are the prime factors of k?
2
Let b(h) = 6*h - 2. Suppose 3*k = l + 20, -4*k + 5*k = -3*l. Let v = -4 + k. List the prime factors of b(v).
2, 5
Let g(m) = m**3 - 9*m**2 - 9*m - 5. Let l be g(10). Suppose 0 = -l*o - 5 + 155. What are the prime factors of o?
2, 3, 5
Let n(w) = -w**2 - 11*w - 13. Let y be n(-9). Let f(p) = -p**2 + 3*p + 4. Let x be f(y). Let u = 2 - x. List the prime factors of u.
2
Suppose -3*w - 54 = -5*w + x, 5*x - 66 = -2*w. List the prime factors of w.
2, 7
Let a = 4 + 0. Suppose 2*t = -5*h + 30, 0*h - t = -3*h + 18. Let w = h + a. List the prime factors of w.
2, 5
Let a be (-4)/(-10) + 8/5. Suppose -5*x + 0*o - a*o = -164, 5*x - 152 = 4*o. List the prime factors of x.
2
Suppose -4*v - 5 = -21. Let b = -4 - v. Let c = b + 12. What are the prime factors of c?
2
Suppose 2*r = -3*r. Suppose 0 = 2*g + 4, r*s + g = -s + 4. List the prime factors of s.
2, 3
Let i(o) = -2*o**3 - 9*o**2 + 9*o - 7. List the prime factors of i(-6).
47
Let b be 5/(-2) - (-1)/(-2). Let o = 3 + b. Suppose o = -2*f - 9 + 35. List the prime factors of f.
13
Let c = -15 + 23. Let h = c - -11. List the prime factors of h.
19
Suppose 1 = -0*s - s, s = 4*h - 97. Suppose i + 5*g - h = -0*i, -g + 24 = i. What are the prime factors of i?
2, 3
Let i(z) = z - 5. Let r be i(5). Suppose r = -3*u + k + 8, 2*u - 3*k + 5 = 1. Suppose -28 - 8 = -u*g - 3*v, 5*v + 18 = 2*g. What are the prime factors of g?
3
Suppose -2*u = 2*u - 16. Suppose -4*l = u, -11 - 13 = -a + 2*l. What are the prime factors of a?
2, 11
Let t = 23 + -21. Suppose 0 = -6*d + 2*d - 2*k + 22, -t*d - 5*k = -23. What are the prime factors of d?
2
Suppose -2*d - 33 = -c, -6*d - 140 = -4*c - 2*d. What are the prime factors of c?
37
Suppose 2*m - 5*x = -m - 216, -2*m = -x + 151. Let f = -55 - m. List the prime factors of f.
2, 11
Let c = -2 - -9. Let l(u) = -u**2 + 7*u + 9. What are the prime factors of l(c)?
3
Suppose 0*v = -4*v + 72. Let q = 30 - v. List the prime factors of q.
2, 3
Suppose 2*l + 97 = 5*t - 2*l, -4*t - l + 86 = 0. What are the prime factors of t?
3, 7
Let a(h) = 4 + h - h - h. Suppose 20*v = 23*v. What are the prime factors of a(v)?
2
Let j(z) = -z + 1. Let i = -5 + 2. Let h be j(i). Let o(w) = w**3 - 3*w**2 - 3*w + 4. List the prime factors of o(h).
2
Suppose 21 = -3*h - 0*h. Suppose 4*f = 32 + 60. Let u = h + f. List the prime factors of u.
2
Let m be 5 + -7 + 2*3. Let x be -3 + m + (-21)/(-3). Suppose 10 = 2*g - x. List the prime factors of g.
3
Let q = 4 - 3. Let x(c) = 2*c**2 - c + 1. Let 